{"id":12,"date":"2018-01-18T22:37:03","date_gmt":"2018-01-18T22:37:03","guid":{"rendered":"http:\/\/skoterskroten.com\/?page_id=12"},"modified":"2020-03-21T12:21:02","modified_gmt":"2020-03-21T12:21:02","slug":"om-mig","status":"publish","type":"page","link":"https:\/\/skoterskroten.com\/?page_id=12","title":{"rendered":"Om mig"},"content":{"rendered":"<p>Jag \u00e4r en egen f\u00f6retagare som inte bara jobbar inom detta, jag har \u00e4ven t\u00e4vlat med skotrar. Har tagit SM-Guld i<\/p>\n<h4 class=\"western\" align=\"CENTER\">Skoterdragracing<\/h4>\n<h1 class=\"western\" align=\"CENTER\"><a href=\"https:\/\/skoterskroten.com\/wp-content\/uploads\/2018\/01\/Dalacupen2004-222.jpg\" target=\"_blank\" rel=\"noopener noreferrer\"><img loading=\"lazy\" decoding=\"async\" class=\"alignnone size-medium wp-image-30\" src=\"https:\/\/skoterskroten.com\/wp-content\/uploads\/2018\/01\/Dalacupen2004-222-300x224.jpg\" alt=\"\" width=\"300\" height=\"224\" srcset=\"https:\/\/skoterskroten.com\/wp-content\/uploads\/2018\/01\/Dalacupen2004-222-300x224.jpg 300w, https:\/\/skoterskroten.com\/wp-content\/uploads\/2018\/01\/Dalacupen2004-222-768x575.jpg 768w, https:\/\/skoterskroten.com\/wp-content\/uploads\/2018\/01\/Dalacupen2004-222.jpg 1024w\" sizes=\"(max-width: 300px) 100vw, 300px\" \/><\/a><\/h1>\n<p align=\"CENTER\">Klicka p\u00e5 bilden f\u00f6r st\u00f6rre format.<\/p>\n<h4 class=\"western\" align=\"CENTER\"><\/h4>\n<p>F\u00f6rare samt byggare: Ingemar.<br \/>\nMotorn \u00e4r en 3-cylindrig Polaris p\u00e5 ca: 200 hk<\/p>\n","protected":false},"excerpt":{"rendered":"<p>Jag \u00e4r en egen f\u00f6retagare som inte bara jobbar inom detta, jag har \u00e4ven t\u00e4vlat med skotrar. Har tagit SM-Guld i Skoterdragracing Klicka p\u00e5 bilden f\u00f6r st\u00f6rre format. F\u00f6rare samt byggare: Ingemar. Motorn \u00e4r en 3-cylindrig Polaris p\u00e5 ca: 200<\/p>\n","protected":false},"author":1,"featured_media":0,"parent":0,"menu_order":0,"comment_status":"closed","ping_status":"closed","template":"","meta":{"footnotes":""},"class_list":["post-12","page","type-page","status-publish","hentry"],"_links":{"self":[{"href":"https:\/\/skoterskroten.com\/index.php?rest_route=\/wp\/v2\/pages\/12"}],"collection":[{"href":"https:\/\/skoterskroten.com\/index.php?rest_route=\/wp\/v2\/pages"}],"about":[{"href":"https:\/\/skoterskroten.com\/index.php?rest_route=\/wp\/v2\/types\/page"}],"author":[{"embeddable":true,"href":"https:\/\/skoterskroten.com\/index.php?rest_route=\/wp\/v2\/users\/1"}],"replies":[{"embeddable":true,"href":"https:\/\/skoterskroten.com\/index.php?rest_route=%2Fwp%2Fv2%2Fcomments&post=12"}],"version-history":[{"count":8,"href":"https:\/\/skoterskroten.com\/index.php?rest_route=\/wp\/v2\/pages\/12\/revisions"}],"predecessor-version":[{"id":99,"href":"https:\/\/skoterskroten.com\/index.php?rest_route=\/wp\/v2\/pages\/12\/revisions\/99"}],"wp:attachment":[{"href":"https:\/\/skoterskroten.com\/index.php?rest_route=%2Fwp%2Fv2%2Fmedia&parent=12"}],"curies":[{"name":"wp","href":"https:\/\/api.w.org\/{rel}","templated":true}]}}