{"id":14,"date":"2018-01-18T22:37:55","date_gmt":"2018-01-18T22:37:55","guid":{"rendered":"http:\/\/skoterskroten.com\/?page_id=14"},"modified":"2024-10-21T11:08:17","modified_gmt":"2024-10-21T11:08:17","slug":"kontakt","status":"publish","type":"page","link":"https:\/\/skoterskroten.com\/?page_id=14","title":{"rendered":"Kontakt"},"content":{"rendered":"<p>Namn: Ingemar Stenmark<\/p>\n<p>Motorservice B\u00e5t &amp; Skoter KB<\/p>\n<p>Telefonnummer: 0935 &#8211; 21008<br \/>\nM\u00e5ndag &#8211; fredag 09,00-17,00<\/p>\n<p>Lunchst\u00e4ngt\u00a0 12,00-13,00<\/p>\n<p>Adress: Umev\u00e4gen 150<br \/>\nPostnummer: 911 36<br \/>\nPostort: V\u00e4nn\u00e4sby<\/p>\n<p><strong><em>Tyv\u00e4rr hinner jag inte svara p\u00e5 alla mejl s\u00e5 s\u00e4krast \u00e4r att ringa<\/em><\/strong>.<\/p>\n<p>Mail: <a href=\"mailto:%20Ingemar@skoterskroten.com\">Ingemars\u00a0jobbmejl<\/a><\/p>\n<p>Vid mail, f\u00f6lj punkterna enligt f\u00f6ljande:<\/p>\n<p>E-postadress<br \/>\nNamn<br \/>\ntel dagtid<br \/>\nm\u00e4rke<br \/>\nmodell<br \/>\n\u00e5rsmodell<\/p>\n<p>Och din f\u00f6rfr\u00e5gan till best\u00e4llning.<\/p>\n","protected":false},"excerpt":{"rendered":"<p>Namn: Ingemar Stenmark Motorservice B\u00e5t &amp; Skoter KB Telefonnummer: 0935 &#8211; 21008 M\u00e5ndag &#8211; fredag 09,00-17,00 Lunchst\u00e4ngt\u00a0 12,00-13,00 Adress: Umev\u00e4gen 150 Postnummer: 911 36 Postort: V\u00e4nn\u00e4sby Tyv\u00e4rr hinner jag inte svara p\u00e5 alla mejl s\u00e5 s\u00e4krast \u00e4r att ringa. Mail:<\/p>\n","protected":false},"author":1,"featured_media":0,"parent":0,"menu_order":0,"comment_status":"closed","ping_status":"closed","template":"","meta":{"footnotes":""},"class_list":["post-14","page","type-page","status-publish","hentry"],"_links":{"self":[{"href":"https:\/\/skoterskroten.com\/index.php?rest_route=\/wp\/v2\/pages\/14"}],"collection":[{"href":"https:\/\/skoterskroten.com\/index.php?rest_route=\/wp\/v2\/pages"}],"about":[{"href":"https:\/\/skoterskroten.com\/index.php?rest_route=\/wp\/v2\/types\/page"}],"author":[{"embeddable":true,"href":"https:\/\/skoterskroten.com\/index.php?rest_route=\/wp\/v2\/users\/1"}],"replies":[{"embeddable":true,"href":"https:\/\/skoterskroten.com\/index.php?rest_route=%2Fwp%2Fv2%2Fcomments&post=14"}],"version-history":[{"count":4,"href":"https:\/\/skoterskroten.com\/index.php?rest_route=\/wp\/v2\/pages\/14\/revisions"}],"predecessor-version":[{"id":125,"href":"https:\/\/skoterskroten.com\/index.php?rest_route=\/wp\/v2\/pages\/14\/revisions\/125"}],"wp:attachment":[{"href":"https:\/\/skoterskroten.com\/index.php?rest_route=%2Fwp%2Fv2%2Fmedia&parent=14"}],"curies":[{"name":"wp","href":"https:\/\/api.w.org\/{rel}","templated":true}]}}